 Let u be a(1). What is x(u)?
-2
Let s(j) = j - 2*j**3 + 12 + 3*j**3 + 4*j**2 + 0*j + 5*j**2. Let b be s(-9). Let k(p) = -p**2 + 4*p + 1. Give k(b).
4
Let f(u) = u**3 - 4*u**2 - 11*u - 3. Let v be f(6). Let g(a) = 1 - v - 7*a + 1. What is g(-1)?
6
Suppose -2*n + 30 = n. Let s be -1*1*(n + -7). Let k be ((-2)/(-6))/(s/27). Let o(z) = -z**3 - 2*z**2 - z. What is o(k)?
12
Let k be 10/6*(-54)/(-45). Let g(w) = 2*w**2 + w. What is g(k)?
10
Let a(b) = -2*b**2 + 3*b + 9. Let c be a(10). Let u be 4/10 - c/35. Let s(x) = -2*x - 1. Give s(u).
-11
Let j(g) = -2*g**3 - g**2 + g + 1. Suppose 2*k + 5*d - 26 = -k, -4*d + 18 = 2*k. Suppose 0 = k*a - 2*a + 5. Give j(a).
1
Let x(o) = o - 7. Let w be ((-12)/(-15))/((-4)/(-10)). Let r(u) = -5*u + 4*u - 2*u + w*u. Let z be r(-5). Determine x(z).
-2
Let s(x) = x**2 + x - 2. Let j = -31 + 28. Determine s(j).
4
Let p(f) = -3*f**2 - 4*f + f**3 + f**3 - 3*f**3 - 2*f**2. Let o(a) = 2*a**2 - 2*a - 1. Let m be o(2). Suppose 4*h + 0*h + 24 = -m*y, -y = -4*h - 8. Give p(h).
-6
Let r(d) = d**2 + 6*d + 5. Let q be r(-5). Let a(w) = -4*w + q*w + 2*w. Determine a(4).
-8
Let s(c) = 4*c. Let p(b) = -21*b - 1. Let l(q) = 2*p(q) + 11*s(q). Let a be (-120)/(-25) + (-2)/(-10). Suppose -w = -3*g - g - 6, a*g - 5*w = 0. Give l(g).
-6
Let h = -1 - -2. Let g(j) be the third derivative of 0*j - j**2 + 1/60*j**5 + 0 + 0*j**4 - 1/6*j**3 + 1/120*j**6. What is g(h)?
1
Let j = -56 - -84. Let y(l) = 14*l - j*l - l**2 + 4*l - 6 + 4*l. Determine y(-6).
-6
Suppose 0 = 3*l + 2*l. Suppose -4*z - z - 25 = l. Let c(w) = -w**2 - 6*w. Give c(z).
5
Let s(v) = -2*v + 4. Suppose -4*q - q = 0. Suppose -5*f + 25 + 75 = q. Let y be 52/10 - 4/f. Determine s(y).
-6
Let i(j) be the first derivative of 5 + 1/3*j**3 + 3*j + 3*j**2. What is i(-2)?
-5
Let r(i) = -i**3 - 4*i**2 + 2*i + 1. Let f be 3 + (-232)/28 + 2/7. Determine r(f).
16
Let t(w) be the third derivative of w**6/120 - w**5/15 + w**4/8 + 21*w**2. Give t(3).
0
Let h be (-5 + (-1 - -2))/1. Let d(u) = -1 + 0*u - 2*u + 4*u - 5*u. What is d(h)?
11
Let b(j) be the second derivative of 0 + 2*j + 1/2*j**2 - 5/12*j**4 + 1/3*j**3. Give b(-1).
-6
Let a(r) = r**2 - 6*r + 6. Let p be 2 + (-4)/(-6)*6. Give a(p).
6
Let u = 20 + -19. Let x(z) = 2*z**2 - 5 + 5 - 1 + 2*z. Calculate x(u).
3
Let n = 4 + 0. Let z(r) = -1 + 5 - 2*r - 2 - n. Determine z(-2).
2
Let o be (12/(-8))/(6/(-4)). Let q be (-1 - -15)/((-2)/o). Let l = q + 1. Let x(m) = -m - 7. What is x(l)?
-1
Let c(q) be the first derivative of -q**4/4 - 5*q**3/3 - 5*q**2/2 - 3*q - 6. What is c(-4)?
1
Let p(i) = -7*i**2 - 14*i - 3. Let m(j) = 10*j**2 + 21*j + 5. Let f(b) = 5*m(b) + 7*p(b). Determine f(-6).
-2
Let a(j) = -3 + j - 1 + 3. Let m be a(-4). Let b(x) = x**2 + 2*x - 29 + 4*x + 26. Calculate b(m).
-8
Suppose 5*d + 1 - 6 = 0. Let a(q) = 1 + 0*q**3 - d - 5*q**3. What is a(-1)?
5
Let r(v) = v**3 - v**2 - v - 6. Suppose n - 8 = -n. Suppose -n*d + 11 = -5*p - 1, 5*d = 2*p + 15. Suppose u + z = 1 - 4, 0 = -d*u - 2*z - 6. Calculate r(u).
-6
Let y = 2113/24 + -88. Let t(o) be the third derivative of 0*o + 1/3*o**3 - 2*o**2 + y*o**4 + 0. Calculate t(2).
4
Let y(z) = -z**2 + 3*z + 8. Let d(w) = w**2 - 3*w - 7. Let b(u) = 6*d(u) + 5*y(u). Calculate b(3).
-2
Let z(c) be the first derivative of 1/3*c**3 + 5 + 1/4*c**4 + 1/2*c**2 + 6*c. Let d(l) = -l**2 + 6*l + 7. Let n be d(7). What is z(n)?
6
Let y(q) = -5*q**3 + 2*q**3 + 0*q**2 + 2*q**2 - q**2. Determine y(1).
-2
Suppose -3*a = -0*a - 4*b + 6, 2*a - 1 = b. Let w(i) = -2*i + i - 4*i + i**a. Determine w(6).
6
Suppose -3*n + 2*k + 20 = 8, 5*n + 3*k - 20 = 0. Let o(h) = -h - 6. Let a(t) = 2*t + 6. Let x(d) = -4*a(d) - 5*o(d). What is x(n)?
-6
Let y(w) = w + 1. Let d(g) be the third derivative of g**4/24 + 7*g**3/6 - 5*g**2. Let j be d(-8). What is y(j)?
0
Let t(w) = -w**2 + 4*w - 3. Let s be t(3). Suppose s = -2*d + 9 + 1. Let m(n) = -n + 6. What is m(d)?
1
Let z(v) = v. Let b = 5 - 7. Let s be (1 - 3)/(b/16). Suppose 4*f - s = 3*o - 0*o, 4*o = 4*f - 16. Give z(f).
4
Suppose 0*d = d - 5*o + 22, 6 = -3*d + 3*o. Suppose -d*k + 2 = -7. Suppose -4*l = -11 + k. Let t(u) = 3*u - 1. Calculate t(l).
5
Let f(a) be the second derivative of a**5/20 - 5*a**4/12 - a**3/6 - 2*a**2 + 3*a. What is f(5)?
-9
Let x = -10 + 11. Let v(d) = -d**2 - 5*d - 5. Let o(s) = 3*s**2 + 18*s + 18. Let p(k) = 5*o(k) + 18*v(k). Calculate p(x).
-3
Let t(n) be the second derivative of n**5/20 - n**4/3 + n**3/3 - n**2 - 8*n. Give t(4).
6
Let j be (5 - 2)/((-3)/10). Let l be (2 - j/(-6))*6. Let t(h) = -1 + 1 - 3*h - h**l. What is t(-2)?
2
Let y(k) = -k - 7. Let n be y(-12). Let s be 1*-4 - (-6 + n). Let i(d) = -d**2 + 1. Give i(s).
-8
Let a(x) be the third derivative of -3*x**5/20 - x**4/12 + x**3/6 + 31*x**2. Determine a(1).
-10
Let l(v) be the second derivative of -v**4/2 + v**3/3 - v**2/2 + 14*v. Give l(1).
-5
Suppose -6*n + 2*n = -52. Suppose -2*m = 5*r - 26, 0*m + 4*r = m + n. Suppose -m*w = w. Let g(s) = -s + 12. What is g(w)?
12
Let p be (-25)/10*(2 - 0). Let s = 5 + p. Let w(q) = s*q + 0*q + 3*q. Determine w(2).
6
Let n be 34/10 + (-10)/25. Let l(t) be the third derivative of 3/2*t**n + 0 + t**2 + 0*t - 1/24*t**4. Determine l(4).
5
Let s(i) = -i - 2. Suppose 30 = -5*y - u, -48 = 4*y - 6*u + 2*u. What is s(y)?
5
Let h(w) = -5*w + 1. Let n be h(-1). Let z(d) = -d + n*d - 7*d**2 - 3*d + 1. Let x = 3 + -4. Calculate z(x).
-8
Suppose -3*q + 5 = -3*w - 4, -q - 2 = 4*w. Let z = 24 + -28. Let v be w/z - (-35)/20. Let j(p) = p**3 - 2*p**2 + p - 1. Determine j(v).
1
Let p = 10 - 8. Let v(m) = p - m**2 - 2*m**3 + 3*m**2 - 4*m**2. What is v(-2)?
10
Let l(n) = -74 + 9*n + 154 - 79. Calculate l(2).
19
Let v(c) be the third derivative of c**6/120 - c**5/15 - c**4/24 + c**3/2 - 21*c**2. Suppose -3*f + 11 = -1. Calculate v(f).
-1
Let p be 1/((-2)/24*-2). Suppose 16 + 14 = p*o. Let h(q) = q**2 - 5*q + 4. Give h(o).
4
Let s be 1 + -4 - (0 - 2). Let c(g) be the third derivative of 1/120*g**6 + 0*g**5 - 1/6*g**3 - g**2 + 0*g + 0*g**4 + 0. What is c(s)?
-2
Let j(b) = 0 - 3*b + 0*b - 3 + 2. Let l(m) = -m**2 + m - 1. Let c be l(0). Give j(c).
2
Suppose 0*h = -4*h. Let u(i) = -5*i**2 - 6*i - 1 + h*i**2 + 4*i**2 + 0*i**2. Give u(-4).
7
Let f(w) = 14*w + 29. Let k(b) = -5*b - 10. Let h(y) = -4*f(y) - 11*k(y). Determine h(-6).
0
Let c be (1*(0 + -1))/1. Let w(u) = u - u + u + 0. Give w(c).
-1
Let p = 2 - 9. Let d(z) = -2*z + 9. Let n(u) = -u + 4. Let c(h) = p*n(h) + 3*d(h). Calculate c(0).
-1
Let v(n) be the first derivative of n**4/12 - 2*n**2 + 2*n + 2. Let c(m) be the first derivative of v(m). Give c(4).
12
Let d(k) be the first derivative of -k**4/4 + 2*k**3 - 3*k**2/2 - k - 64. Calculate d(5).
9
Let s be 15/6*8/10. Let p(i) = i**2 + 0 - 3*i**2 + i**3 - s*i + 2. What is p(3)?
5
Let o(m) be the first derivative of 2 - 2*m + 1/2*m**2. Calculate o(0).
-2
Let j(g) be the second derivative of g**5/30 - g**4/24 - g**3/6 - 5*g. Let m(t) be the second derivative of j(t). Determine m(1).
3
Suppose -2*h = -3*h + 8. Let n = h - 9. Let y(a) = -2*a**2. Give y(n).
-2
Let y(w) = -3*w - 3. Let n be y(-3). Let s be (-3 - (-1 + -3)) + -1. Let q = s + n. Let v(r) = r**2 - 4*r - 8. What is v(q)?
4
Let k be (-7)/(-28) - (-1)/(-4). Let c(p) = 1 + 0*p**2 - p**3 + k + 0*p - p**2 + 2*p. Calculate c(2).
-7
Suppose 0 = -2*l + a - 3*a + 10, 0 = 2*l + 5*a - 10. Let f(k) = 4*k - 5 - 3 + l. What is f(2)?
5
Suppose 5*k - 32 = -q, 20 = q - 0*q + k. Suppose -5*j - 3*w + 37 = 0, 0 = -j + 6*j - 2*w - q. Suppose -j = 2*y + 1. Let d(b) = -b**2 - 4*b - 3. What is d(y)?
0
Suppose -2*y = -z + y - 19, 0 = 3*z - y + 17. Let o(r) = 3*r + 5. Calculate o(z).
-7
Let d(m) = m**2 - 9*m + 2. Let t be d(9). Let g(v) = -5*v - 2. Give g(t).
-12
Let m be (-6)/(-4) - 1/(-2). Let p = -1 + 2. Let t be -1 - (p - 1)/m. Let a(y) = -y - 1. Determine a(t).
0
Let u(n) = -n**3 + 5*n**2 - 4*n + 2. Suppose -d - 4 = -5*w, d - w + 5 = 5*d. Let s(t) = 3*t**2 - t + 2. Let f be s(d). Calculate u(f).
2
Let n(o) = -o + 1. Let x be n(-3). Let z be (-10)/x*12/(-15). Suppose -6 + z = -p. Let u(h) = -h**3 + 5*h**2 - 5*h - 1. What is u(p)?
-5
Let u(q) = q**3 - q**2 - 2*q + 3. Let n(j) = -j**3 + 8*j**2 - j + 11. Let b be n(8). Determine u(b).
15
Let m be (-1 - 1)*(-4)/(-8). Let w be 3 - ((5 - 3) + m). Let j(g) = g + w + 0*g + g**2 + 2*g. Calculate j